 q(14).
519
Let c(h) = 47*h**2 - 1239*h + 423. Give c(26).
-19
Let y(x) = 173341*x + 866866. Determine y(-5).
161
Let f(c) = -2907*c**2 - 436047*c + 453. What is f(-150)?
3
Let n(y) = -7431*y - 29662. What is n(-4)?
62
Let a(q) = 2*q**2 + 128*q + 404. Give a(-62).
156
Let n(t) = 36349*t - 1490302. Calculate n(41).
7
Let x(j) = 860*j + 21493. Give x(-25).
-7
Let l(t) = -22*t**2 + 273*t - 30. Calculate l(13).
-199
Let u(n) = 13*n**3 - 3629*n**2 + 424*n + 37380. Calculate u(279).
-6
Let w(v) = -4*v**2 + 301*v + 5382. Give w(90).
72
Let i(n) = 1081*n**2 + 3242*n + 12. What is i(-3)?
15
Let t(s) = 7525*s + 1647969. Give t(-219).
-6
Let x(v) = -22038*v + 242446. Determine x(11).
28
Let d(r) = -8*r**2 - 13*r - 82. Determine d(-6).
-292
Let r(j) = j**3 + 66*j**2 + 732*j + 43397. What is r(-65)?
42
Let h(c) = -4*c**3 - 528*c**2 - 6*c - 850. Give h(-132).
-58
Let r(j) = -j**3 - 47*j**2 + 178. What is r(-47)?
178
Let b(q) = -2341876*q - 4683757. Calculate b(-2).
-5
Let m(o) = 1435*o + 99001. What is m(-69)?
-14
Let u(n) = -174*n**2 - 23*n - 3. Calculate u(1).
-200
Let k(r) = -641*r - 3087. What is k(-3)?
-1164
Let v(s) = -3617*s - 25312. What is v(-7)?
7
Let l(r) = -1763*r - 100543. Give l(-57).
-52
Let f(g) = 2*g**3 - 207*g**2 + 1224*g + 3612. Give f(97).
23
Let y(p) = -p**3 + 30*p**2 + 81*p - 555. What is y(33)?
-1149
Let c(g) = -8*g**3 - 3767*g**2 + 535*g + 30095. Calculate c(-471).
-49
Let f(u) = 3267*u - 65. Calculate f(0).
-65
Let i(f) = 6430*f - 231470. What is i(36)?
10
Let s(i) = 3*i**2 + 342*i + 7841. Calculate s(-39).
-934
Let d(v) = v**3 + 5*v**2 + 27318*v + 81936. Calculate d(-3).
0
Let w(a) = 2*a**3 - 58*a**2 - 197*a + 86. Determine w(32).
-74
Let f(h) = 1633*h - 53787. Give f(33).
102
Let n(v) = 28*v**2 - 38*v - 56. Calculate n(3).
82
Let k(j) = -9*j**2 + 26151*j + 235300. What is k(-9)?
-788
Let n(g) = -244028*g + 2440250. Give n(10).
-30
Let b(m) = -4*m**3 - 7*m**2 + 17*m - 41. What is b(4)?
-341
Let v(l) = l**3 + 13*l**2 - 507*l + 57. Determine v(-30).
-33
Let h(s) = 3*s**3 + 483*s**2 - 511*s - 4055. Calculate h(-162).
-5
Let y(b) = -b**3 - 74*b**2 - 702*b - 576. Give y(-63).
-9
Let n(v) = v**3 - 11*v**2 - 493*v - 100. Calculate n(-19).
-1563
Let z(r) = -3651*r + 25621. What is z(7)?
64
Let o(y) = -y**3 - 206714*y**2 - 413432*y - 10. Calculate o(-2).
6
Let k(b) = 692*b + 15239. Give k(-23).
-677
Let x(c) = 1712*c + 1069996. Determine x(-625).
-4
Let p(y) = -2*y**3 - 4*y**2 + 366*y + 1883. Give p(-11).
35
Let b(k) = 4*k**2 + 63*k - 48038. Calculate b(102).
4
Let a(j) = -5335*j + 6295293. Give a(1180).
-7
Let g(r) = -407*r**2 - 9*r - 31. Determine g(-2).
-1641
Let r(w) = -w**2 + 2508*w + 6323588. Calculate r(-1556).
4
Let c(r) = r**2 - 84*r - 2097. Determine c(-19).
-140
Let h(o) = 26*o + 8168. Calculate h(-209).
2734
Let j(w) = -5*w**2 + 803*w + 36145. Determine j(197).
291
Let r(l) = l**3 - 9*l**2 + 77*l + 61. What is r(6)?
415
Let l(c) = -307*c + 99658. Calculate l(324).
190
Let h(j) = -16*j**3 + 190*j**2 + 14*j + 111. Calculate h(8).
4191
Let d(t) = -9*t**2 - 5790*t + 9673. Calculate d(-645).
-2
Let w(f) = 12639*f + 859486. Calculate w(-68).
34
Let k(j) = -j**3 + 49*j**2 - 431*j + 160. Calculate k(11).
17
Let x(h) = 5*h**2 - 612*h - 31002. Determine x(161).
71
Let k(x) = -1071*x + 19295. Calculate k(19).
-1054
Let k(x) = -9400*x + 103340. Give k(11).
-60
Let t(i) = -i**3 - 90*i**2 - 1384*i - 64. Give t(-20).
-384
Let v(m) = m**3 - 187*m**2 - 7261*m + 214. Calculate v(220).
-6
Let z(a) = -a**2 + 5070*a + 2615851. Determine z(-472).
27
Let w(u) = 524*u - 48717. Determine w(93).
15
Let a(j) = j**3 + 4*j**2 - 54*j - 66. Determine a(6).
-30
Let z(a) = 856*a**2 + 943*a - 1. Give z(-1).
-88
Let q(f) = f**3 - 407*f**2 + 1369*f - 63448. What is q(404)?
-20
Let y(t) = t**2 - 23377*t - 17176175. What is y(-713)?
-5
Let r(f) = 8*f**2 - 549*f - 1637. Calculate r(79).
4920
Let x(f) = -4*f**3 + 22*f**2 + 510*f - 142. Calculate x(-9).
-34
Let r(t) = 2695*t - 2007. Calculate r(0).
-2007
Let v(a) = 2*a**2 - 24930*a - 274530. Give v(-11).
-58
Let y(q) = q**3 + 94*q**2 - 672*q + 121. Calculate y(7).
366
Let y(x) = -2*x**3 - 60*x**2 + 828*x + 1198. Give y(-40).
78
Let l(a) = -159*a - 11754. Calculate l(-75).
171
Let s(l) = 533*l + 25562. Give s(-48).
-22
Let z(t) = -22*t**3 - 10*t**2 - 251*t - 1450. Determine z(-6).
4448
Let r(n) = -11*n**3 - 186*n**2 + 387*n + 62. What is r(2)?
4
Let j(a) = 12*a**3 - 5*a**2 - 25*a - 22. Calculate j(-3).
-316
Let g(r) = -3*r**2 - 124*r + 940. Calculate g(7).
-75
Let q(n) = 54*n**2 + 1561*n - 1764. What is q(-30)?
6
Let h(l) = 1619*l + 1358350. Give h(-839).
9
Let y(b) = -49*b**2 - 1489*b - 44. Calculate y(-30).
526
Let y(g) = -218*g**2 - 31646*g - 5228. What is y(-145)?
-8
Let i(g) = -2*g**3 + 299*g**2 - 435*g + 21. What is i(148)?
1353
Let s(o) = -o**3 + 8*o**2 + 1814*o - 7240. Determine s(4).
80
Let f(v) = 3*v**2 + 398*v - 55548. What is f(85)?
-43
Let r(q) = 3*q**2 - 1644*q - 8303. What is r(-5)?
-8
Let s(c) = c**2 - 16*c - 3485. Give s(73).
676
Let q(b) = 218*b**2 + 249*b - 1217. Determine q(-3).
-2
Let g(l) = 3*l**2 - 449*l - 55746. Determine g(-81).
306
Let r(o) = -o**2 - 3350*o + 1533273. Give r(408).
9
Let b(h) = 4845*h + 3748. Determine b(-1).
-1097
Let l(x) = -5*x**3 + 86*x**2 - 20*x + 318. Give l(18).
-1338
Let f(n) = 2*n**2 - 43*n + 235. What is f(36)?
1279
Let b(v) = 23*v**2 + 816*v - 179. Calculate b(-36).
253
Let i(j) = -9*j**3 + 44*j**2 - 1811*j + 16283. Give i(8).
3
Let p(n) = n**2 - 7955*n + 103228. Give p(13).
-18
Let t(s) = -s**3 - 148*s**2 - 2795*s + 77. What is t(-21)?
2765
Let k(z) = -161*z - 803. Calculate k(-18).
2095
Let d(u) = -177*u + 120. Give d(1).
-57
Let q(a) = a**3 + 29*a**2 - 309*a + 5158. Give q(-40).
-82
Let c(b) = -34*b**2 - 677*b - 746. Determine c(-19).
-157
Let i(f) = -f**3 + 30*f**2 + 20*f - 789. Give i(30).
-189
Let j(f) = 201340*f + 80. Calculate j(0).
80
Let s(m) = 5*m**3 - 20*m**2 + 8*m - 28. Give s(4).
4
Let i(t) = t**2 + 328*t + 14316. Give i(-48).
876
Let x(u) = 553*u - 11276. Give x(21).
337
Let q(p) = -1613*p + 4151. Calculate q(2).
925
Let u(c) = -88654*c + 443340. What is u(5)?
70
Let i(b) = 2*b**3 - 340*b**2 - 63169*b - 101. What is i(-112)?
11
Let n(a) = -a**3 - 607*a**2 + 7418*a - 6197. Give n(-619).
-7
Let m(n) = 3082*n + 15113. Calculate m(-5).
-297
Let l(s) = -s**3 + 2*s**2 + 63*s + 46. Give l(9).
46
Let s(t) = -3*t**2 + 125*t - 143. Give s(26).
1079
Let n(r) = r**3 + 117*r**2 - 302*r - 7651. Give n(-119).
-35
Let d(h) = h**3 + 7067*h**2 - 184420*h - 10. Give d(26).
-62
Let h(m) = -76254*m - 533852. What is h(-7)?
-74
Let m(y) = 148*y**2 - 273*y - 225. Determine m(-2).
913
Let y(u) = -493812*u - 8394798. Determine y(-17).
6
Let u(f) = -49*f**2 - 3445*f - 40605. Determine u(-15).
45
Let v(q) = -q**3 - 25*q**2 - 167*q + 2731. Calculate v(7).
-6
Let a(v) = 3*v**3 - 35*v**2 - 118*v + 993. What is a(10)?
-687
Let h(m) = 1863*m + 11428. Give h(-6).
250
Let y(u) = -25*u**2 + 1432*u + 2951. Calculate y(-2).
-13
Let s(d) = 52*d - 15222. What is s(292)?
-38
Let d(g) = 105*g**2 - 1473*g + 50. Determine d(14).
8
Let j(q) = 86*q**3 + 170*q**2 + 679*q + 1366. Calculate j(-2).
0
Let g(u) = 2*u**3 + 181*u**2 + 119*u + 18934. What is g(-91)?
-176
Let m(y) = 6504*y + 12208015. Calculate m(-1877).
7
Let s(z) = -2*z**2 - 2898*z + 888691. Determine s(-1709).
11
Let b(v) = -10*v**3 + 3*v**2 + 200*v + 1207. Give b(-6).
2275
Let q(s) = -1876*s - 491558. What is q(-262)?
-46
Let p(g) = -6165*g - 265104. Calculate p(-43).
-9
Let u(i) = -i**2 - 413*i + 47. Determine u(0).
47
Let t(f) = -f**3 + 8*f**2 + 84*f - 136. Calculate t(-9).
485
Let v(o) = 2949*o - 5867. Calculate v(2).
31
Let l(r) = -r**2 - 243*r - 2240. Determine l(-9).
-134
Let k(j) = -j**2 - 381*j + 26924. Give k(-442).
-38
Let w(u) = 2*u**2 + 707*u + 46030. What is w(-86)?
20
Let d(y) = -y**3 - 18*y**2 + 326*y + 4470. What is d(-11)?
37
Let z(d) = d**3 - 92*d**2 + 2*d + 6187. What is z(91)?
-1912
Let d(m) = -82*m**2 + 49475*m + 32017. Determine d(604).
5
Let f(m) = -m**3 + 55*m**2 - 656*m - 142. What is f(18)?
38
Let r(s) = -5216394*s + 26081973. Calculate r(5).
3
Let n(j) = -101*j + 17867. What is n(172)?
495
Let v(j) = 248*j**2 - 58281*j + 196. Determine v(235).
-39
Let l(t) = -3518*t - 98460. Give l(-28).
44
Let z(q) = 5*q